{"id":2,"date":"2015-05-07T05:24:08","date_gmt":"2015-05-07T05:24:08","guid":{"rendered":"http:\/\/localhost\/wordpress\/?page_id=2"},"modified":"2024-12-17T20:16:18","modified_gmt":"2024-12-17T18:16:18","slug":"wiki-hosteleria","status":"publish","type":"page","link":"https:\/\/www.expomaquinaria.es\/wiki\/wiki-hosteleria\/","title":{"rendered":"Wiki Hosteler\u00eda &#8211; Acerca de&#8230;."},"content":{"rendered":"<p>Wiki Hosteler\u00eda es un proyecto colaborativo de los trabajadores, clientes y amigos de EXPOMAQUINARIA,<\/p>\n<p>Desde Expomaquinaria llevamos mucho tiempo con este proyecto encima de la mesa, en el que nos gustar\u00eda recopilar todo el conocimiento existente sobre Hosteler\u00eda, desde las t\u00e9cnicas tradicionales de cocina, maquinaria, proveedores, fabricantes, recetas, normativas, legislaci\u00f3n.<\/p>\n<p>Desde nuestro <a href=\"http:\/\/www.expomaquinaria.es\/wpblog\/\">Blog \u00abSecretos de Hosteler\u00eda\u00bb <\/a>llevamos a\u00f1os dando consejos y intentando explicar y compartir muchos de los conocimientos que poseemos por la experiencia de muchos a\u00f1os en el sector.<\/p>\n<p>Conocemos las dificultades de este proyecto y estamos dispuestos a afrontarlas, creemos firmemente que es hora de devolver lo que la hosteler\u00eda nos ha aportado y a la que hemos dedicado nuestras vidas, este sentimiento es compartido por la direcci\u00f3n de esta empresa, sus empleados y por los amigos que hemos hecho durante nuestro camino de mas de 30 a\u00f1os dedicados a este sector.<\/p>\n","protected":false},"excerpt":{"rendered":"<p>Wiki Hosteler\u00eda es un proyecto colaborativo de los trabajadores, clientes y amigos de EXPOMAQUINARIA, Desde Expomaquinaria llevamos mucho tiempo con este proyecto encima de la mesa, en el que nos gustar\u00eda recopilar todo el conocimiento existente sobre Hosteler\u00eda, desde las t\u00e9cnicas tradicionales de cocina, maquinaria, proveedores, fabricantes, recetas, normativas, legislaci\u00f3n. Desde nuestro Blog \u00abSecretos de&#8230; <a href=\"https:\/\/www.expomaquinaria.es\/wiki\/wiki-hosteleria\/\">read more &raquo;<\/a><\/p>\n","protected":false},"author":3,"featured_media":0,"parent":0,"menu_order":0,"comment_status":"open","ping_status":"closed","template":"","meta":{"footnotes":""},"yoast_head":"<!-- This site is optimized with the Yoast SEO plugin v19.9 - https:\/\/yoast.com\/wordpress\/plugins\/seo\/ -->\n<title>Wiki Hosteler\u00eda - Acerca de....<\/title>\n<meta name=\"robots\" content=\"noindex, follow\" \/>\n<meta property=\"og:locale\" content=\"es_ES\" \/>\n<meta property=\"og:type\" content=\"article\" \/>\n<meta property=\"og:title\" content=\"Wiki Hosteler\u00eda - Acerca de....\" \/>\n<meta property=\"og:description\" content=\"Wiki Hosteler\u00eda es un proyecto colaborativo de los trabajadores, clientes y amigos de EXPOMAQUINARIA, Desde Expomaquinaria llevamos mucho tiempo con este proyecto encima de la mesa, en el que nos gustar\u00eda recopilar todo el conocimiento existente sobre Hosteler\u00eda, desde las t\u00e9cnicas tradicionales de cocina, maquinaria, proveedores, fabricantes, recetas, normativas, legislaci\u00f3n. Desde nuestro Blog \u00abSecretos de... read more &raquo;\" \/>\n<meta property=\"og:url\" content=\"https:\/\/www.expomaquinaria.es\/wiki\/wiki-hosteleria\/\" \/>\n<meta property=\"og:site_name\" content=\"Wiki Hosteler\u00eda\" \/>\n<meta property=\"article:publisher\" content=\"https:\/\/www.facebook.com\/expomaquinaria\" \/>\n<meta property=\"article:modified_time\" content=\"2024-12-17T18:16:18+00:00\" \/>\n<meta name=\"twitter:card\" content=\"summary_large_image\" \/>\n<meta name=\"twitter:label1\" content=\"Tiempo de lectura\" \/>\n\t<meta name=\"twitter:data1\" content=\"1 minuto\" \/>\n<script type=\"application\/ld+json\" class=\"yoast-schema-graph\">{\"@context\":\"https:\/\/schema.org\",\"@graph\":[{\"@type\":\"WebPage\",\"@id\":\"https:\/\/www.expomaquinaria.es\/wiki\/wiki-hosteleria\/\",\"url\":\"https:\/\/www.expomaquinaria.es\/wiki\/wiki-hosteleria\/\",\"name\":\"Wiki Hosteler\u00eda - Acerca de....\",\"isPartOf\":{\"@id\":\"https:\/\/www.expomaquinaria.es\/wiki\/#website\"},\"datePublished\":\"2015-05-07T05:24:08+00:00\",\"dateModified\":\"2024-12-17T18:16:18+00:00\",\"breadcrumb\":{\"@id\":\"https:\/\/www.expomaquinaria.es\/wiki\/wiki-hosteleria\/#breadcrumb\"},\"inLanguage\":\"es\",\"potentialAction\":[{\"@type\":\"ReadAction\",\"target\":[\"https:\/\/www.expomaquinaria.es\/wiki\/wiki-hosteleria\/\"]}]},{\"@type\":\"BreadcrumbList\",\"@id\":\"https:\/\/www.expomaquinaria.es\/wiki\/wiki-hosteleria\/#breadcrumb\",\"itemListElement\":[{\"@type\":\"ListItem\",\"position\":1,\"name\":\"Portada\",\"item\":\"https:\/\/www.expomaquinaria.es\/wiki\/\"},{\"@type\":\"ListItem\",\"position\":2,\"name\":\"Wiki Hosteler\u00eda &#8211; Acerca de&#8230;.\"}]},{\"@type\":\"WebSite\",\"@id\":\"https:\/\/www.expomaquinaria.es\/wiki\/#website\",\"url\":\"https:\/\/www.expomaquinaria.es\/wiki\/\",\"name\":\"Wiki Hosteler\u00eda\",\"description\":\"Enciclopedia de la Hosteler\u00eda\",\"potentialAction\":[{\"@type\":\"SearchAction\",\"target\":{\"@type\":\"EntryPoint\",\"urlTemplate\":\"https:\/\/www.expomaquinaria.es\/wiki\/?s={search_term_string}\"},\"query-input\":\"required name=search_term_string\"}],\"inLanguage\":\"es\"}]}<\/script>\n<!-- \/ Yoast SEO plugin. -->","yoast_head_json":{"title":"Wiki Hosteler\u00eda - Acerca de....","robots":{"index":"noindex","follow":"follow"},"og_locale":"es_ES","og_type":"article","og_title":"Wiki Hosteler\u00eda - Acerca de....","og_description":"Wiki Hosteler\u00eda es un proyecto colaborativo de los trabajadores, clientes y amigos de EXPOMAQUINARIA, Desde Expomaquinaria llevamos mucho tiempo con este proyecto encima de la mesa, en el que nos gustar\u00eda recopilar todo el conocimiento existente sobre Hosteler\u00eda, desde las t\u00e9cnicas tradicionales de cocina, maquinaria, proveedores, fabricantes, recetas, normativas, legislaci\u00f3n. Desde nuestro Blog \u00abSecretos de... read more &raquo;","og_url":"https:\/\/www.expomaquinaria.es\/wiki\/wiki-hosteleria\/","og_site_name":"Wiki Hosteler\u00eda","article_publisher":"https:\/\/www.facebook.com\/expomaquinaria","article_modified_time":"2024-12-17T18:16:18+00:00","twitter_card":"summary_large_image","twitter_misc":{"Tiempo de lectura":"1 minuto"},"schema":{"@context":"https:\/\/schema.org","@graph":[{"@type":"WebPage","@id":"https:\/\/www.expomaquinaria.es\/wiki\/wiki-hosteleria\/","url":"https:\/\/www.expomaquinaria.es\/wiki\/wiki-hosteleria\/","name":"Wiki Hosteler\u00eda - Acerca de....","isPartOf":{"@id":"https:\/\/www.expomaquinaria.es\/wiki\/#website"},"datePublished":"2015-05-07T05:24:08+00:00","dateModified":"2024-12-17T18:16:18+00:00","breadcrumb":{"@id":"https:\/\/www.expomaquinaria.es\/wiki\/wiki-hosteleria\/#breadcrumb"},"inLanguage":"es","potentialAction":[{"@type":"ReadAction","target":["https:\/\/www.expomaquinaria.es\/wiki\/wiki-hosteleria\/"]}]},{"@type":"BreadcrumbList","@id":"https:\/\/www.expomaquinaria.es\/wiki\/wiki-hosteleria\/#breadcrumb","itemListElement":[{"@type":"ListItem","position":1,"name":"Portada","item":"https:\/\/www.expomaquinaria.es\/wiki\/"},{"@type":"ListItem","position":2,"name":"Wiki Hosteler\u00eda &#8211; Acerca de&#8230;."}]},{"@type":"WebSite","@id":"https:\/\/www.expomaquinaria.es\/wiki\/#website","url":"https:\/\/www.expomaquinaria.es\/wiki\/","name":"Wiki Hosteler\u00eda","description":"Enciclopedia de la Hosteler\u00eda","potentialAction":[{"@type":"SearchAction","target":{"@type":"EntryPoint","urlTemplate":"https:\/\/www.expomaquinaria.es\/wiki\/?s={search_term_string}"},"query-input":"required name=search_term_string"}],"inLanguage":"es"}]}},"_links":{"self":[{"href":"https:\/\/www.expomaquinaria.es\/wiki\/wp-json\/wp\/v2\/pages\/2"}],"collection":[{"href":"https:\/\/www.expomaquinaria.es\/wiki\/wp-json\/wp\/v2\/pages"}],"about":[{"href":"https:\/\/www.expomaquinaria.es\/wiki\/wp-json\/wp\/v2\/types\/page"}],"author":[{"embeddable":true,"href":"https:\/\/www.expomaquinaria.es\/wiki\/wp-json\/wp\/v2\/users\/3"}],"replies":[{"embeddable":true,"href":"https:\/\/www.expomaquinaria.es\/wiki\/wp-json\/wp\/v2\/comments?post=2"}],"version-history":[{"count":1,"href":"https:\/\/www.expomaquinaria.es\/wiki\/wp-json\/wp\/v2\/pages\/2\/revisions"}],"predecessor-version":[{"id":677,"href":"https:\/\/www.expomaquinaria.es\/wiki\/wp-json\/wp\/v2\/pages\/2\/revisions\/677"}],"wp:attachment":[{"href":"https:\/\/www.expomaquinaria.es\/wiki\/wp-json\/wp\/v2\/media?parent=2"}],"curies":[{"name":"wp","href":"https:\/\/api.w.org\/{rel}","templated":true}]}}